0 = -132. Calculate the greatest common divisor of i and r.
19
Let r be (-5)/((-12)/(-8) + -4). Suppose r*q - 4*s = -2*s + 38, 5*s - 66 = -2*q. What is the highest common factor of 23 and q?
23
Let n(l) = -l**2 - 20*l + 52. Let z be n(-22). What is the greatest common divisor of z and 3?
1
Suppose 5*x + 3*g = 12, 5*g - 1 = -3*x + x. Suppose -3*w = x*w - 30. Calculate the highest common divisor of w and 85.
5
Let q(p) = -p**2 + 6*p + 8. Let t(n) = -2*n - 1. Let f be t(7). Let y = 21 + f. Let o be q(y). Calculate the greatest common divisor of o and 40.
8
Let q(w) = -w + 12. Let f be q(0). Let d = 304 + -220. Calculate the greatest common factor of f and d.
12
Suppose -3 = -5*j + 8*j. Let g be (j/(-3))/(3/45). Let n = 48 + -28. What is the greatest common factor of g and n?
5
Suppose -b = 2*b - 2*w - 120, 4*w = 0. Let v(h) = h**2 - 2*h - 1. Let m be v(4). Let p = m + 9. Calculate the greatest common factor of b and p.
8
Let v be (-753)/(-4) + 402/536. Calculate the highest common factor of 231 and v.
21
Let n be 394/6 + (-2)/3. Let y = -7 - 173. Let r = y + 206. Calculate the highest common divisor of r and n.
13
Suppose -3 = -h + 3*k - 2*k, 3*h + 2*k - 9 = 0. Calculate the highest common divisor of h and 393.
3
Suppose 0 = 4*l + 13 - 5. Let j be ((-11)/33)/(l/6). What is the highest common factor of 11 and j?
1
Let h(y) = -2*y**2 + 58*y + 134. Let q be h(31). Calculate the greatest common factor of q and 90.
10
Let n = 10 - 10. Suppose 3*v - 2 + 17 = n, 0 = u - v - 11. Suppose -u*d + d = -40. What is the highest common divisor of 12 and d?
4
Let c(k) be the second derivative of 5*k**4/12 + 2*k**3 - 4*k**2 - 4*k. Let l be c(-6). What is the greatest common factor of 20 and l?
20
Let y be 6*(22/(-4) + 8). What is the greatest common divisor of y and 1515?
15
Let d(c) be the second derivative of -4*c + 5/12*c**4 + 1/2*c**3 + 0*c**2 + 0. Let x be d(-2). Calculate the highest common divisor of x and 126.
14
Suppose -t - 184 = -3*y + 95, 3*y - 264 = -4*t. Suppose y = 5*j + 2. Suppose -29*h = -33*h + 288. Calculate the highest common factor of h and j.
18
Let t be 1/(3/10)*21390/575. What is the greatest common divisor of 31 and t?
31
Let p(n) = 3*n**2 - 4*n - 4. Let m be p(-1). Suppose -10 = -m*v + 5*v, 4*x - 164 = 4*v. What is the greatest common factor of 144 and x?
36
Suppose 87*x - 100*x = -1001. What is the greatest common divisor of x and 35?
7
Suppose 12*h - 10*h = 48. Let n = 26 - h. Suppose 0 = -v + n + 8. What is the greatest common factor of 50 and v?
10
Let x(o) = -17*o - 108. Let q be x(-7). Suppose 5*g - 96 - 124 = 0. Calculate the highest common factor of q and g.
11
Suppose 2*s + 5*u + 51 = 4*s, 2*s + 2*u = 16. What is the greatest common divisor of s and 208?
13
Let b be ((-4)/3)/(5/11280*-8). What is the highest common factor of b and 141?
47
Suppose -p - 5*r = 3*p - 40, 0 = 4*p - 5*r. Suppose 0 = -p*z + 4*m + 202, -5*m = -4*z - 2*m + 162. Calculate the highest common divisor of z and 63.
21
Suppose 3020 - 1044 = 3*a - 2*s, -3*a = 4*s - 1988. What is the greatest common factor of 15 and a?
15
Suppose -2*s - 530 = -5*q, 0 = -q - q - 3*s + 231. Let d(x) = -8*x. Let a be d(-3). Calculate the highest common factor of q and a.
12
Suppose -3*g = -3*z - 1 - 2, -2*g + 5*z - 7 = 0. Suppose 75 = g*t + 15. Let o be (13 + 4/2)*(6 + 1). What is the greatest common divisor of t and o?
15
Let n(z) = z**3 + 3*z + 280. Let h be n(0). What is the greatest common factor of h and 70?
70
Let i(g) = -24*g**3 - 3*g**2 - g. Let n be i(-1). Suppose -11*t = -10*t - n. What is the greatest common divisor of t and 22?
22
Let a(s) = 3*s - 4*s + 7 - 9. Let v be a(7). Let b be (-5 - v)/((-2)/(-3)). What is the greatest common factor of 6 and b?
6
Suppose -5*f + f + q = -30, -q = -3*f + 22. Let o be (-16820)/(-13) - 8/(-52). Let z be o/18 + (-20)/(-180). Calculate the greatest common divisor of f and z.
8
Let w = -96 - -98. Suppose -2*d - r + 16 = 0, -d = -w*r + 6*r - 15. What is the highest common factor of d and 7?
7
Suppose 12*q = 3*z + 11*q - 1713, -2*z = -4*q - 1132. Calculate the highest common divisor of z and 52.
52
Let h(p) = p**3 + 17*p**2 + 35*p. Let f be h(-12). What is the greatest common divisor of f and 375?
75
Let f(j) = 65*j - 121. Let n be f(3). What is the highest common factor of 407 and n?
37
Let m(v) = 4*v**3 + v**2 + 11*v - 12. Let z be m(4). What is the highest common divisor of z and 380?
76
Suppose -4 - 96 = -2*p. Let z(r) be the second derivative of -r**5/2 - r**4/6 + r**2 - 6*r. Let i be z(-1). What is the greatest common divisor of i and p?
10
Let l(r) = 24*r + 359. Let t be l(-9). Calculate the highest common factor of t and 182.
13
Suppose 3*d = -2*w + 2*d + 48, -w = 4*d - 38. What is the highest common factor of 198 and w?
22
Let c(f) = 7*f + 217. Let d be c(-27). What is the greatest common divisor of 56 and d?
28
Let h be 3 + (29 - (3 + -2)). Let z = -22 + h. What is the highest common divisor of 9 and z?
9
Let c(w) = -w**3 - w**2 + w + 15. Let r be c(0). Let o = 946 + -916. Calculate the highest common factor of r and o.
15
Let z = 1192 + -958. What is the greatest common divisor of 126 and z?
18
Let a = 4 + 0. Let j be 954/15 - -1 - a/(-10). What is the highest common factor of j and 26?
13
Let v be 132/99*21/4. What is the greatest common factor of 693 and v?
7
Let f be 22 - (-9)/(1 - 4). Let o = -26 + f. Let i be o*((-144)/21 + 0). Calculate the greatest common factor of i and 32.
16
Let o be (10 - 13)/((-6)/(-20)). Let t = 4 + o. Let g = 14 + t. What is the greatest common divisor of g and 2?
2
Let m(x) = 5*x - 2. Suppose 3*w = 3*y - 87, 0 = y + 2*w - 21 - 8. Let h = -27 + y. Let r be m(h). Calculate the greatest common factor of 2 and r.
2
Let l(x) = 2*x**3 - 5*x**2 + 15*x. Let m be l(2). What is the greatest common factor of m and 2?
2
Let p = 301 - 238. Let s = 1 + p. Suppose 0 = 4*j - 18 - 14. What is the greatest common divisor of s and j?
8
Let o(f) = f**3 + 29*f**2 + 30*f + 320. Let b be o(-26). What is the greatest common divisor of b and 49?
49
Suppose 25*r - 10*r = 1080. Calculate the highest common factor of 90 and r.
18
Let g be 2*(35/(-110) + 2/(-11)). Let b be 1/3 + g - (-1065)/45. What is the highest common divisor of 253 and b?
23
Let i be 10 + 6 - (-8)/(-2). Let m = 86 - 26. Calculate the greatest common factor of i and m.
12
Let n be (4/(-10))/(42/(-1260)). What is the highest common factor of 20 and n?
4
Suppose 0 = 2*q + 13 - 57. What is the greatest common factor of 1694 and q?
22
Suppose 0 = 4*w + 3*c - 8*c + 5, -5*w = 2*c - 35. Suppose -w = -t + 10. Suppose 0 = -h + 5*h - 300. Calculate the highest common divisor of t and h.
15
Let a = 145 + -26. Let c = 218 - a. Calculate the greatest common divisor of 66 and c.
33
Suppose -16*g + 17*g + 10 = k, 0 = -4*k + 3*g + 40. Suppose 0 = -2*z + 3*z - 2. Let x = z - -3. What is the greatest common divisor of x and k?
5
Let i(b) = 6*b**3 - 2*b**2 + 7*b**2 - 4 - 5*b**3 + 5*b. Let t be i(-5). Let w = -9 - t. Calculate the greatest common factor of w and 140.
20
Suppose f + 14 = 4*u, -4*f = -3*u + 3 + 14. Suppose -u*n + 8*n = -b + 2, -5*b = -4*n - 39. What is the greatest common factor of b and 21?
7
Let p(k) = -6*k - 6. Let j be p(-5). Let y(w) = w**3 + 16*w**2 + 18*w + 48. Let i be y(-15). Calculate the highest common divisor of j and i.
3
Let j(k) = 2*k**2 - 10*k + 42. Let a be j(5). Calculate the greatest common divisor of a and 322.
14
Let q(i) = -i**3 - 11*i**2 - 11*i - 8. Let y = -21 + 7. Let c be (-4)/y + 144/(-14). Let m be q(c). What is the highest common factor of 14 and m?
2
Let r be (-7 - 0)*(780/(-42))/13. Calculate the highest common factor of r and 85.
5
Suppose 4*s - 22 + 2 = 0. Let f(m) = -m**3 - 7*m**2 - 6*m + 4. Let k be f(-5). Let t = k + 61. What is the greatest common divisor of s and t?
5
Let l be (-14)/35 + (-2354)/(-10). Suppose j - l = -2*a, -7*a + 610 = -2*a - 5*j. Calculate the highest common factor of a and 17.
17
Let h be (6/1)/(6/16). Suppose -30 + 78 = 8*t. Let a be (-120)/h*(-52)/t. Calculate the highest common factor of a and 13.
13
Let c = 109 - 69. What is the greatest common divisor of 64 and c?
8
Suppose -2*c - 8*y + 3*y + 6 = 0, y - 15 = -5*c. What is the greatest common factor of c and 87?
3
Let i be (-440)/16*42/(-15). S